34019 and 4737?
1579
Calculate the greatest common divisor of 969 and 249275250.
969
Calculate the highest common factor of 746 and 287744882.
746
Calculate the highest common divisor of 105918981 and 21.
21
Calculate the greatest common factor of 1448 and 16602406.
362
What is the highest common divisor of 6983584 and 2249696?
7328
What is the highest common factor of 314916135 and 155?
155
Calculate the highest common divisor of 22035 and 265980.
195
Calculate the greatest common divisor of 7733286 and 84.
6
What is the highest common factor of 1563241400 and 2800?
1400
What is the highest common divisor of 42 and 1867622?
2
What is the highest common factor of 99880 and 107598?
454
What is the greatest common factor of 3450933 and 57771?
1179
What is the highest common factor of 53136 and 787644?
324
Calculate the highest common factor of 115190712 and 117.
117
What is the highest common factor of 16186354 and 82?
2
Calculate the highest common factor of 5 and 195760.
5
Calculate the highest common divisor of 20638 and 278069.
17
Calculate the greatest common divisor of 34 and 208873526.
34
What is the highest common factor of 51430 and 1270?
10
What is the greatest common factor of 20570 and 1807355?
935
Calculate the greatest common factor of 110915 and 49.
7
Calculate the highest common divisor of 130860 and 158940.
180
Calculate the highest common divisor of 1464840 and 184860.
2340
What is the greatest common factor of 5978 and 46739?
7
Calculate the greatest common divisor of 519690 and 20315.
85
Calculate the greatest common divisor of 573970248 and 16.
8
Calculate the highest common factor of 388 and 436499127.
97
Calculate the greatest common factor of 5150 and 345639160.
1030
What is the greatest common divisor of 13089469 and 3132?
29
What is the greatest common factor of 119 and 31571603?
7
Calculate the greatest common divisor of 126808 and 7223864.
1048
Calculate the greatest common factor of 408 and 98153376.
408
Calculate the greatest common factor of 784 and 103985.
7
Calculate the greatest common factor of 306328 and 11401632.
5192
Calculate the highest common factor of 21679227 and 3222.
1611
What is the greatest common divisor of 4465 and 44807168?
893
Calculate the highest common divisor of 236 and 104430059.
59
What is the greatest common divisor of 50883418 and 335?
67
What is the greatest common factor of 1888033614 and 317?
317
Calculate the greatest common factor of 1161 and 69564927.
129
What is the greatest common divisor of 3357 and 1467749778?
1119
Calculate the greatest common factor of 484 and 1910612.
44
What is the highest common divisor of 41026 and 15711272?
562
Calculate the greatest common divisor of 80 and 30001655.
5
What is the greatest common factor of 32037 and 785721?
543
Calculate the highest common factor of 57458456 and 264.
88
Calculate the greatest common factor of 100 and 5872700.
100
What is the greatest common factor of 1429435 and 12845?
35
Calculate the greatest common factor of 2088 and 6282168.
24
What is the highest common divisor of 10156861 and 484?
121
Calculate the highest common factor of 125778 and 594.
6
Calculate the highest common factor of 49062499 and 20968.
2621
Calculate the highest common divisor of 21 and 185014809.
21
Calculate the greatest common divisor of 9456 and 27565422.
1182
Calculate the highest common divisor of 359867 and 29455.
43
What is the highest common factor of 3520 and 204586360?
440
Calculate the greatest common divisor of 1584 and 12603756.
132
Calculate the highest common divisor of 996 and 105759762.
498
Calculate the highest common divisor of 302624 and 18767.
49
What is the greatest common divisor of 782944146 and 1494?
1494
What is the greatest common divisor of 5175208 and 102136?
136
Calculate the highest common factor of 6380 and 25586.
22
Calculate the highest common factor of 21 and 97949952.
3
What is the highest common divisor of 28386 and 445877826?
9462
Calculate the greatest common divisor of 119818530 and 9.
9
Calculate the highest common divisor of 272995320 and 8240.
4120
Calculate the greatest common factor of 56953 and 2236.
13
Calculate the highest common factor of 857052 and 27664.
532
Calculate the highest common divisor of 30288 and 12387161.
631
What is the highest common divisor of 981 and 1233194499?
981
What is the greatest common factor of 3723252 and 58812?
4524
What is the greatest common divisor of 1174193448 and 8?
8
What is the greatest common factor of 31663981 and 3361?
3361
What is the greatest common factor of 153189 and 2061?
9
Calculate the greatest common factor of 1545 and 925755.
15
What is the highest common divisor of 1233644 and 680?
4
What is the greatest common factor of 3382470 and 1416?
354
What is the greatest common factor of 553374 and 18495162?
7794
What is the greatest common divisor of 1450274 and 448?
14
What is the highest common factor of 724371560 and 440?
440
Calculate the greatest common factor of 52377 and 10566.
3
What is the greatest common divisor of 2152180 and 320?
20
What is the highest common factor of 71334244 and 101609?
2363
Calculate the greatest common factor of 1262618 and 364.
14
What is the greatest common factor of 206118 and 4369077?
3123
Calculate the highest common factor of 13 and 3221297118.
13
Calculate the highest common divisor of 1225584 and 20848.
16
What is the highest common divisor of 840540789 and 3069?
3069
Calculate the greatest common divisor of 5046 and 571612562.
1682
Calculate the highest common factor of 21162746 and 154.
22
Calculate the highest common divisor of 355188294 and 54.
54
Calculate the highest common divisor of 6899467 and 176443.
1819
What is the highest common factor of 60446149 and 177?
59
Calculate the highest common factor of 336 and 1680777.
21
What is the greatest common factor of 3883738 and 870?
58
Calculate the greatest common divisor of 8224 and 4350368.
32
Calculate the greatest common divisor of 13887144 and 144.
72
Calculate the highest common divisor of 6041213 and 939.
313
What is the highest common divisor of 431 and 249749846?
431
What is the highest common factor of 1972446 and 102?
6
Calculate the greatest common factor of 111204785 and 10.
5
Calculate the highest common factor of 520 and 10433930.
130
Calculate the greatest common divisor of 63 and 56662557.
21
What is the highest common divisor of 76836775 and 376?
47
What is the highest common divisor of 16716 and 56805?
21
What is the greatest common factor of 1352 and 2034640?
8
Calculate the highest common divisor of 654649000 and 8.
8
What is the highest common factor of 458909685 and 195?
195
What is the highest common divisor of 1061703 and 11592?
207
Calculate the greatest common factor of 183303654 and 2658.
2658
Calculate the highest common divisor of 17890 and 1018830.
10
What is the highest common divisor of 20724 and 411?
3
What is the highest common factor of 11 and 337697?
1
What is the greatest common divisor of 1265 and 469645?
55
What is the highest common divisor of 7544696 and 7592?
584
Calculate the highest common divisor of 10783 and 3653633.
41
What is the highest common divisor of 2906564 and 20?
4
Calculate the greatest common divisor of 64377005 and 3850.
385
What is the greatest common divisor of 23633420 and 3320?
1660
What is the greatest common factor of 220 and 43839290?
110
What is the highest common factor of 192175872 and 14?
14
Calculate the greatest common factor of 966707 and 322.
7
What is the highest common divisor of 3012 and 1734?
6
Calculate the highest common divisor of 87220 and 110900.
20
What is the highest common factor of 3580 and 1622635?
895
Calculate the highest common factor of 836 and 2096232.
76
Calculate the greatest common factor of 315668839 and 122.
61
Calculate the greatest common divisor of 459525 and 439473.
1671
What is the greatest common divisor of 1956728 and 268136?
2216
What is the highest common divisor of 11492 and 636?
4
Calculate the greatest common divisor of 32 and 9737656.
8
What is the highest common divisor of 9712219 and 19873?
2839
What is the greatest common factor of 1470 and 5355504?
294
Calculate the greatest common factor of 240 and 4218120.
120
Calculate the greatest common divis